(-56)/6). Suppose -5*v = -q*v + 25. What is the remainder when ((-259)/(-3))/7 + 4/6 is divided by v?
3
Suppose 2017*c = 2045*c - 27608. Calculate the remainder when c is divided by 13.
11
Suppose 9*f - 21*f + 12 = 0. Suppose -153 + 20 = -3*p + r, -f = r. What is the remainder when 214 is divided by p?
38
Let y be (1 - 0)*(-30)/15 - -248. Suppose -3*h + y = 231. Calculate the remainder when 67 is divided by h.
2
Let c = 28166 + -16933. What is the remainder when c is divided by 274?
273
Let u(i) = 4*i + 24*i - 1 - 3*i + 33. Calculate the remainder when u(3) is divided by 22.
19
Let w(r) = 3*r**2 + r - 1. Let t be w(-5). Calculate the remainder when 12*3*t/36 is divided by (-133)/(-9) + ((-28)/63)/(-2).
9
What is the remainder when (-155)/217 - 165530/(-70) is divided by 16?
12
Suppose m + m - 579 = 21. Calculate the remainder when 9598 is divided by m.
298
Let n(d) = 2*d**3 + 4*d**2 - 3*d + 8. Let s be n(-4). Let j = -30 - s. Let b = 55 + -31. What is the remainder when b is divided by j?
10
Suppose 8*h - 7528 = 9144. Calculate the remainder when h is divided by 23.
14
Let d(o) = o + 45. Let b be 1 + ((-315)/3)/7. Calculate the remainder when 46 is divided by d(b).
15
Let t(x) = 52*x**2 + 72*x. Calculate the remainder when 1088 is divided by t(-4).
0
Suppose 4*c - 184 = 2*c. Suppose -2*i - 4*g = -24 - 2, 0 = -4*i + 2*g + c. Calculate the remainder when 206 is divided by i.
17
Let v = -791 - -808. Suppose -t = -61 - 158. What is the remainder when t is divided by v?
15
Let q = -9 - 9. Let w = q - -4. What is the remainder when 87 is divided by 58/203 + 1/(w/(-206))?
12
Let p = 1778 - 720. Suppose 4*d - p = -222. Suppose 126 = 3*v - 3*c, 35*c = v + 27*c + 35. Calculate the remainder when d is divided by v.
50
Suppose -s + 246 = 2*z, 14*s - 3*z - 711 = 11*s. Let m = s + 358. Calculate the remainder when m is divided by 15.
13
Let s = -2027 + 2052. Suppose -h = 3*p - 86, 4*h - 6*p + 2*p - 360 = 0. What is the remainder when h is divided by s?
14
Suppose 4*g = 6*g - 24. What is the remainder when 42 - (2 - (-210)/(-15)) is divided by g?
6
Suppose -19 - 11 = -6*d. Let k(v) = -v**2 + 4*v**2 + 7 + 19*v + 3 - 17*v. What is the remainder when k(d) is divided by 24?
23
Let t be 2/((-14)/(-9))*112/16. Suppose t + 18 = 9*p. Calculate the remainder when 9 is divided by p.
0
Suppose 5*q - 59 + 23 = -4*q. Calculate the remainder when (1 + 205)/((-2)/(-1)) is divided by q.
3
Let w = 115 - 104. Let b = w - 11. Suppose b = 11*f - 3*f - 80. Calculate the remainder when 21 is divided by f.
1
Suppose -6*y - 103 = -595. Suppose h = -3*p - 2*p + 22, -88 = -4*h + p. Calculate the remainder when y - 16/4*-1 is divided by h.
20
Let c = -160 + 285. Suppose 154*b = 149*b + c. Let f(w) = w**3 + 11*w**2 + 5*w + 3. What is the remainder when f(-4) is divided by b?
20
Suppose 0 = -10*r + 13*r - 114. Suppose 6*i - 152 = -r. Let y(x) = x**3 - x**2 + 4*x - 9. Calculate the remainder when y(5) is divided by i.
16
Let r(g) = g**3 - 6*g**2 - 9*g. Let b be r(9). What is the remainder when 1704/14 - (b/21 - 8) is divided by 21?
17
Suppose -76 = -3*y + 5*v, 168 = 6*y - y + 2*v. Let u = 34 - y. Suppose -u*m + 17 + 9 = 0. What is the remainder when 166 is divided by m?
10
Suppose -10573 = 56*n - 65*n + 7112. Calculate the remainder when n is divided by 164.
161
Let b = 253 + 249. Let w = -460 + b. Calculate the remainder when 153 is divided by w.
27
Let c(m) = 3*m**2 - 3*m - 8. What is the remainder when c(-5) is divided by (-84)/2*(15 + -6)/(-9)?
40
Suppose 0 = -35*k + 30*k + 20, 0 = 2*j + 5*k - 224. Suppose 4*i = 450 - j. Let n(p) = -p + 23. Calculate the remainder when i is divided by n(0).
18
Suppose 217 + 315 = -4*v. Let w = v - -150. Calculate the remainder when 28 is divided by w.
11
Let z(s) = 119*s - 696. What is the remainder when z(27) is divided by 313?
13
Let b(g) = -15*g + 3. Suppose -2 = 5*c - 4*q, 0 = c + 3*q + 7 + 1. Let d = 22 - 10. What is the remainder when b(c) is divided by d?
9
Let c(b) = -b**3 - 194*b**2 - 1664*b + 358. Let t(v) = -v**2 + 47. What is the remainder when c(-185) is divided by t(0)?
32
Suppose -896*i + 891 = -869*i. Calculate the remainder when 1418 is divided by i.
32
Let y be (-2)/7 - ((-80)/(-7))/2. Let k be (y - (-592)/12)*(-3)/(-2). Let m = -46 + k. Calculate the remainder when 37 is divided by m.
18
Suppose -5*t - 558 + 793 = r, 0 = 4*r + 5*t - 1015. What is the remainder when r is divided by 147?
113
Let n be (-2 + 0/1)*(32 - 26). Calculate the remainder when 366 is divided by (-112)/63*6/8*n.
14
Let o(q) = q**3 - 7*q**2 + 9*q + 16. Let w be o(7). Let x = w - 70. Let b = 73 + -44. What is the remainder when b is divided by x?
2
Let k = 3562 - 3514. Calculate the remainder when 1674 is divided by k.
42
Let z = 26 - 26. Suppose z = 3*h - 96 - 219. Let t = -81 - -108. What is the remainder when h is divided by t?
24
Let q be -21 + (-9)/72*-8. Let y = 112 - 50. Let w = y + q. What is the remainder when w is divided by 9?
6
Suppose 2*p - 176 = 2*d, -p + 181 = -d - d. Let x be (390*(4/12 - 0))/(-1). Let g = d - x. What is the remainder when 73 is divided by g?
36
What is the remainder when -3981*(-1)/3*4 is divided by 161?
156
Let q = 3862 - 3852. Calculate the remainder when 232 is divided by q.
2
Let z = -12007 + 20299. Calculate the remainder when z is divided by 68.
64
Suppose -2*z - 46 + 38 = 0. Let u(o) = -2*o**3 + 4*o**2 - 2*o + 6. What is the remainder when u(z) is divided by 15?
11
Suppose 19191 = 37*h - 9114. What is the remainder when h is divided by 13?
11
Let b = 318 - -909. What is the remainder when b is divided by 22?
17
Let i(q) = -3*q + 23. Suppose 6*h - 8 = -2. Let u be (2/6)/(h/(45/(-3))). What is the remainder when i(u) is divided by 13?
12
Let j(t) = 2*t**2 + 2*t + 8. Suppose -m + q = -28, -q - 83 = 4*m - 210. Calculate the remainder when m/(2 + (-3)/3) is divided by j(-2).
7
Let w(j) = -j**3 - 2*j**2 + 6*j + 4. Suppose -4*a + 5*a - 5*p = 91, -4*a - 4*p + 292 = 0. What is the remainder when a is divided by w(-4)?
4
Suppose 0 = 4*k - 2*k - 6. Suppose 4*g + k*g - 84 = 0. What is the remainder when g is divided by (8/7)/((-4)/(-28))?
4
Suppose 4*x = 4*d + 16, d = 2*d. Suppose x*s + 40 = 14*s. Let g = 10 - 0. What is the remainder when g is divided by s?
2
Suppose 230*z = 34501 - 2301. What is the remainder when 160 is divided by z?
20
Let f = 171 + -169. What is the remainder when f/(-7) - (-1138)/14 is divided by 17?
13
Let d be ((-2)/15 - (-153)/135) + -59. Let y = -6 - d. Suppose -7*i - 17 = -y. What is the remainder when 37 is divided by i?
2
Let g(m) be the first derivative of 157*m**3/3 - 9*m**2/2 + 10*m + 58. What is the remainder when g(1) is divided by 20?
18
Let d(m) = -98*m + 954. Let v(c) = -20*c + 191. Let g(u) = -3*d(u) + 16*v(u). Calculate the remainder when g(0) is divided by 51.
41
Suppose -142 = -2*x + 3*t - 11, 0 = 3*x - 4*t - 197. Calculate the remainder when 561 is divided by x.
25
Suppose -i + 848 = 3*k, 0*i - 2*k + 853 = i. Calculate the remainder when i is divided by 8.
7
Let n = -275 - -280. Suppose -n*s + 436 + 89 = 0. What is the remainder when s is divided by 34?
3
Let x(l) = 8*l**2 - 39*l + 1604. What is the remainder when x(45) is divided by 10?
9
Suppose -32287*d = -32337*d + 14650. What is the remainder when 37794 is divided by d?
290
Let h be -4*1/(8/(-22)). Let y be ((-30)/(-1))/((-6)/(-6)). Let g = y - h. Calculate the remainder when 75 is divided by g.
18
Let m = -1324 - -1348. Let c = 1 + 1. Suppose 4*k = -3*r + 57, r = -c*k + 3*r + 32. Calculate the remainder when m is divided by k.
9
Let i(h) = -h**3 + 15*h**2 + 13*h + 45. Let d(w) = -1. Let g(p) = -6*d(p) - i(p). Let v = -6 - -13. What is the remainder when g(16) is divided by v?
2
Suppose -5*z + 1941 = 4*a, 5*a + z - 5*z - 2375 = 0. What is the remainder when a is divided by 191?
97
Let b = -91 + 584. Let t(l) = 149*l - 24554. Calculate the remainder when b is divided by t(165).
28
Let r(n) = 11*n**2 - n + 1. Let z(t) = 2*t**2 + 2*t - 3. Let o be z(1). What is the remainder when 21 is divided by r(o)?
10
Suppose 0 = h - 4*p - 4, -5*h + 24 = -2*p - 14. Let a = 402 - 300. What is the remainder when a is divided by h?
6
Let b(r) = -2*r**3 - 20*r**2 - 19*r - 22. Let d be b(-12). Let u = -652 + d. What is the remainder when u is divided by